.
-1
Let g(x) = 10*x**3 + 359*x**2 - 408*x - 37. Calculate g(-37).
0
Let r(i) = -i**3 - 30*i**2 - 208*i + 36. What is r(-19)?
17
Let m(o) = 133*o + 309. Calculate m(-3).
-90
Let j(c) = -c**2 + 727*c - 9275. Calculate j(13).
7
Let a(b) = -b**3 - 147*b**2 - 171*b - 3650. Give a(-146).
0
Let c(k) = 274*k - 1123. Give c(4).
-27
Let b(m) = -2119*m + 108073. Calculate b(51).
4
Let t(i) = 33*i - 1018. Calculate t(32).
38
Let o(s) = -2*s**2 - 187*s + 281. Give o(-95).
-4
Let u(o) = -12*o - 243. Determine u(-3).
-207
Let h(a) = a**3 - 79*a**2 - 2*a + 130. Calculate h(79).
-28
Let q(y) = -3*y**3 - 155*y**2 + 54*y + 76. Give q(-52).
-28
Let r(l) = -72*l - 1131. Determine r(-23).
525
Let p(t) = -92*t - 5645. Determine p(-61).
-33
Let p(t) = 48*t**2 + 1307*t - 10. What is p(-27)?
-307
Let l(d) = d**2 - 16*d + 35. Give l(4).
-13
Let k(x) = 21*x**2 + 172*x - 5. What is k(-8)?
-37
Let y(r) = r**3 + 8*r**2 - 172*r - 706. Calculate y(-16).
-2
Let h(m) = -37*m - 8. Calculate h(-8).
288
Let a(h) = 1420*h - 9947. Calculate a(7).
-7
Let i(w) = 5287*w + 36963. Calculate i(-7).
-46
Let x(f) = -5*f - 595. What is x(-63)?
-280
Let p(i) = i**3 - 23*i**2 + 30*i - 283. Give p(22).
-107
Let t(g) = -14*g**3 + 9*g**2 - 18*g + 37. Give t(3).
-314
Let i(g) = -g**3 + 6*g**2 + 9*g - 6. Determine i(7).
8
Let b(f) = 9*f**3 - f**2 - 19*f + 19. Calculate b(1).
8
Let d(c) = c**3 + 16*c**2 + 45*c - 5. What is d(-3)?
-23
Let y(p) = -121*p - 2343. What is y(-19)?
-44
Let x(y) = -14*y - 516. What is x(-39)?
30
Let m(r) = 87*r + 430. What is m(-10)?
-440
Let f(r) = 5*r**3 + 3*r**2 + 8*r + 13. Determine f(-3).
-119
Let z(m) = 5*m**2 - 20*m - 19. Give z(-2).
41
Let j(k) = 239*k + 1461. What is j(-6)?
27
Let m(k) = -k**3 + 20*k**2 + 301*k - 17. Determine m(30).
13
Let i(m) = -314*m + 2819. Determine i(9).
-7
Let k(a) = 244*a + 2205. Determine k(-9).
9
Let n(q) = 2*q**3 + 64*q**2 - 59*q + 164. Calculate n(-33).
-67
Let w(z) = -44*z**2 - 229*z - 5. Calculate w(-3).
286
Let m(s) = -2*s + 74. Determine m(24).
26
Let n(s) = 7*s**3 - 4*s**2 - 7*s + 2. Calculate n(0).
2
Let b(l) = -255*l - 176. Calculate b(-3).
589
Let w(s) = 78*s - 541. What is w(7)?
5
Let s(c) = 27*c + 240. Give s(-9).
-3
Let u(n) = -6*n**3 - 23*n**2 + 50*n - 2. Calculate u(2).
-42
Let x(q) = -29*q - 31. Give x(0).
-31
Let p(z) = 31*z + 52. What is p(-8)?
-196
Let r(p) = -171*p + 15569. Calculate r(91).
8
Let b(r) = 9*r - 78. Determine b(10).
12
Let j(m) = -2*m**3 - 36*m**2 + 80*m - 3. Determine j(-20).
-3
Let o(h) = -h**3 - 79*h**2 - 79*h - 76. Calculate o(-78).
2
Let j(u) = 11*u**3 + 78*u**2 + 20*u + 17. Calculate j(-7).
-74
Let o(p) = -8*p + 108. Calculate o(11).
20
Let s(x) = 6523*x + 39143. Calculate s(-6).
5
Let d(b) = -6*b**2 - 43*b + 1. Calculate d(-7).
8
Let z(k) = -k**3 + 5*k**2 + 11*k + 4. Calculate z(4).
64
Let k(x) = 10*x - 301. Determine k(12).
-181
Let i(m) = -193*m + 1004. What is i(5)?
39
Let q(d) = -2*d**2 + 151*d - 332. What is q(74)?
-110
Let g(h) = 182*h + 3666. Determine g(-20).
26
Let r(h) = -4*h**2 + 15*h - 41. Calculate r(5).
-66
Let g(z) = -z**2 + 60*z + 196. Calculate g(-3).
7
Let o(t) = -309*t + 7. Calculate o(0).
7
Let f(a) = -a**3 - 6*a - 41. What is f(0)?
-41
Let y(q) = -2*q**3 + 27*q**2 + 77*q - 485. What is y(15)?
-5
Let d(b) = 2*b**3 - 10*b**2 + 25*b - 35. Give d(4).
33
Let b(l) = -13*l - 5. Determine b(4).
-57
Let g(l) = l**2 - 36*l + 258. What is g(17)?
-65
Let q(b) = -b**2 - 19*b + 4. Calculate q(-2).
38
Let c(g) = 194*g - 14949. What is c(77)?
-11
Let b(h) = -h**3 - 13*h**2 - 2*h - 31. Give b(-6).
-271
Let m(q) = q**3 + q**2 - 4*q + 29. Give m(0).
29
Let p(d) = -d**3 + 16*d**2 - 48*d - 6. Give p(12).
-6
Let y(d) = -43*d + 1406. Determine y(33).
-13
Let f(q) = -40*q - 2824. Determine f(-70).
-24
Let t(r) = r**3 + r**2 - r + 37. Give t(-4).
-7
Let r(j) = 34*j**2 + 24*j - 23. Give r(1).
35
Let s(c) = 5*c**2 - 390*c + 2498. Give s(7).
13
Let d(k) = k**3 - 3*k**2 - 90*k + 38. Calculate d(11).
16
Let i(f) = 3*f**2 - 154*f + 741. Give i(46).
5
Let n(b) = 488*b + 2921. Calculate n(-6).
-7
Let a(j) = j**3 - 91*j**2 + 262*j + 161. Determine a(88).
-15
Let b(s) = 2*s**3 - 39*s**2 + 69*s + 42. Give b(18).
312
Let j(v) = -2293*v - 2475. What is j(-1)?
-182
Let c(y) = -y**2 + 54*y - 920. Give c(27).
-191
Let p(h) = -h**3 - 18*h**2 + 35*h + 209. Give p(-18).
-421
Let j(c) = 1208*c - 7257. Determine j(6).
-9
Let s(d) = -77*d - 105. Determine s(-1).
-28
Let q(j) = -j**3 + 64*j**2 - 74*j + 698. Determine q(63).
5
Let q(n) = 149*n - 51. What is q(2)?
247
Let d(z) = -z**2 - 134*z - 896. Calculate d(-7).
-7
Let w(k) = -4*k**2 + 11*k - 67. Give w(6).
-145
Let z(l) = -70*l - 4909. Give z(-71).
61
Let g(q) = q**2 - 65*q - 2982. Determine g(-31).
-6
Let w(i) = i**3 + 4*i - 39. What is w(3)?
0
Let g(y) = -4*y**3 - 6*y**2 + 8*y + 15. What is g(-2)?
7
Let h(g) = 38*g + 218. What is h(-4)?
66
Let c(p) = -6*p**2 + 11*p + 57. Calculate c(-4).
-83
Let b(o) = 3*o**2 - 327*o + 2969. Calculate b(99).
-1
Let q(t) = -7*t**2 + 410*t - 4954. Determine q(17).
-7
Let a(c) = -c**3 + 54*c**2 + 232*c - 19. What is a(58)?
-19
Let f(z) = z**3 + 81*z**2 - 336*z - 6. Calculate f(4).
10
Let s(x) = -34*x - 18. Determine s(-1).
16
Let o(h) = 15*h + 21. What is o(-2)?
-9
Let z(c) = c**2 - 4736*c - 23707. What is z(-5)?
-2
Let r(u) = 19*u - 51. Calculate r(-1).
-70
Let i(h) = h**3 - 36*h**2 + 36*h - 10. Give i(35).
25
Let a(b) = b**3 - 31*b**2 - 57*b + 277. What is a(33)?
574
Let u(p) = -245*p - 11278. Determine u(-46).
-8
Let o(b) = -8*b + 26. Calculate o(4).
-6
Let s(o) = o**3 + 7*o**2 + 46*o + 173. Calculate s(-5).
-7
Let m(s) = 4*s**2 + 8*s - 87. Give m(-6).
9
Let n(j) = -5*j**2 + 159*j - 3. Calculate n(32).
-35
Let p(f) = 405*f + 34845. Give p(-86).
15
Let d(b) = 10*b - 656. Give d(53).
-126
Let m(q) = 13*q**2 + 37*q + 23. Give m(-8).
559
Let p(z) = -z**3 + 17*z**2 + 200*z - 9. Calculate p(25).
-9
Let y(g) = -30*g - 25. Give y(3).
-115
Let h(v) = 118*v - 1421. Determine h(12).
-5
Let k(n) = n**3 - 33*n**2 + 216*n + 29. Give k(24).
29
Let b(g) = 3*g**2 - 1411*g - 24872. Determine b(-17).
-18
Let q(i) = 5*i + 146. What is q(-12)?
86
Let p(x) = -91*x - 3006. What is p(-33)?
-3
Let g(y) = 887*y + 9. Calculate g(0).
9
Let y(p) = 10*p + 17. Calculate y(7).
87
Let g(t) = 3*t**2 - 383*t - 2524. Determine g(134).
22
Let z(w) = -w**2 - 302*w - 2061. Determine z(-7).
4
Let l(z) = -3*z**2 + 78*z + 935. Determine l(-9).
-10
Let i(v) = 23*v**3 - 4*v**2 - 2*v + 8. Give i(1).
25
Let o(d) = -412*d + 11. Determine o(0).
11
Let i(l) = l**3 - 55*l**2 + 49*l + 122. Calculate i(54).
-148
Let l(o) = 15*o**2 + o - 2. Determine l(-2).
56
Let x(n) = 215*n**2 + 56*n + 57. Calculate x(-1).
216
Let g(p) = 23*p - 106. Determine g(-4).
-198
Let f(d) = d**2 - 9*d - 17. What is f(11)?
5
Let w(d) = 11*d + 509. Determine w(-47).
-8
Let w(v) = -v**3 + 11*v**2 + 49*v - 56. Calculate w(14).
42
Let w(n) = n**3 + 4*n**2 + 30*n + 89. Give w(-4).
-31
Let f(v) = -1634*v**2 + 13073*v + 2. What is f(8)?
10
Let n(v) = -v**3 + 17*v**2 - 20*v + 346. Determine n(17).
6
Let f(r) = -65*r + 49. Determine f(2).
-81
Let h(a) = -118*a - 7683. Determine h(-67).
223
Let a(m) = 4*m**2 + 577*m + 4371. What is a(-8)?
11
Let s(x) = -5*x**2 + 305*x - 1159. Give s(57).
-19
Let o(s) = 4*s**2 - 1181*s + 2356. Determine o(2).
10
Let f(n) = -15*n - 629. What is f(-34)?
-119
Let i(h) = h - 201. Give i(-25).
-226
Let a(d) = d**3 + 54*d**2 + 107*d + 170. Give a(-52).
14
Let o(n) = 21*n - 289. Give o(11).
-58
Let j(z) = -39*z - 208. What is j(-5)?
-13
Let f(n) = -4*n**2 - 127*n - 441. Calculate f(-4).
3
Let s(q) = 3*q**3 - 20*q**2 - 2*q + 109. Determine s(8).
349
Let p(d) = -d**3 - 67*d**2 - 46*d + 1328. Determine p(-66).
8
Let o(g) = -11*g**2 + 360*g + 78. Give o(33).
-21
Let c(b) = 44*b - 1097. Calculate c(25).
3
Let l(p) = 2*p**3 + 88*p**2 - 181*p + 136. Calculate l(-46).
-2
Let w(v) = v**2 - 423*v - 6107. What is w(-14)?
11
Let m(c) = c**2 - 57*c - 175. Give m(60).
5
Let d(f) = -33*f + 275. Give d(8).
11
Let j(z) = 3*z**2 - 2*z + 12. Give j(2).
20
Let j(a) = 6*a**3 + 2*a**2 + 41*a + 40. What is j(-1)?
-5
Let f(o) = -o**2 + 44*o + 158. Calculate f(48).
-34
Let b(v) = 13*v + 307. Determine b(-4).
255
Let s(j) = 2*j**3 + 20*j**2 + 209*j + 1721. What is s(-9)?
2
Let b(s) = -4252*s - 29725. What is b(-7)?